{"id":571,"date":"2018-12-11T16:55:05","date_gmt":"2018-12-11T16:55:05","guid":{"rendered":"http:\/\/blog.philip-karger.ch\/?page_id=571"},"modified":"2018-12-12T15:10:39","modified_gmt":"2018-12-12T15:10:39","slug":"aimee-berns-praktikantin-ab-dezember-2018","status":"publish","type":"page","link":"http:\/\/blog.philip-karger.ch\/?page_id=571","title":{"rendered":"Aimee Berns: Praktikantin ab Dezember 2018"},"content":{"rendered":"<p><img loading=\"lazy\" decoding=\"async\" class=\"size-thumbnail wp-image-572 alignleft\" src=\"http:\/\/blog.philip-karger.ch\/wp-content\/uploads\/2018\/12\/Bewerbungs-Foto-Aimee-Dez-2018-1-150x150.jpg\" alt=\"\" width=\"150\" height=\"150\" \/>\u00a0Seit ich im Sommer 2018 meine Schullaufbahn erfolgreich mit der Matura abgeschlossen habe, gehe ich meinen Interessen nach. Mit diversen Praktika m\u00f6chte ich herausfinden, welche meiner Begabungen ich zum Beruf machen soll.<\/p>\n<p>Bereits w\u00e4hrend meiner Schulzeit habe ich diverse Praktika absolviert. Eines davon als Projekleiterin im Eventbereich beim Congress Center Basel. Zus\u00e4tzlich habe ich als Aushilfskraft bei der Cateringfirma Wassermann &amp; Company gearbeitet und habe so schon vielseitige Berufserfahrung sammeln d\u00fcrfen.<\/p>\n<p>Im September 2018 habe ich ein Praktikum im Bereich Marketing bei der Firma Secret Dinner in Z\u00fcrich angetreten. Dort war es neben der Betreuung von Kooperationspartnern und Kunden auch meine Aufgabe, Texte und Beitr\u00e4ge (f\u00fcr Print- und Online-Medien) zu verfassen. Diese Aufgaben haben mir erneut gezeigt, wie interessiert ich an der Kommunikation bin. Ausserdem kristallisierte sich heraus, dass ich eine stark ausgepr\u00e4gte Sprachbegabung besitze, welche ich sehr gerne zu meinem Beruf machen m\u00f6chte.<\/p>\n<p>Dank der Mitarbeit beim PK-Blog kann ich nun erste Erfahrungen in der Online-Publikation und im Verfassen von l\u00e4ngeren eigenen Texten sammeln. Ich freue mich darauf das mit viel Leidenschaft zu tun und Ihnen dadurch neue Welten n\u00e4herzubringen zu d\u00fcrfen.<\/p>\n<p>\u00dcber Reaktionen von Ihnen auf meine Beitr\u00e4ge, w\u00fcrde ich mich sehr freuen. Entweder direkt im Blog oder per Mail an:\u00a0<a href=\"mailto:aimee@philip-karger.ch\" target=\"_blank\" rel=\"noopener\">aimee@philip-karger.ch<\/a><\/p>\n","protected":false},"excerpt":{"rendered":"<p>\u00a0Seit ich im Sommer 2018 meine Schullaufbahn erfolgreich mit der Matura abgeschlossen habe, gehe ich meinen Interessen nach. Mit diversen Praktika m\u00f6chte ich herausfinden, welche meiner Begabungen ich zum Beruf machen soll. Bereits w\u00e4hrend meiner Schulzeit habe ich diverse Praktika absolviert. Eines davon als Projekleiterin im Eventbereich beim Congress Center Basel. Zus\u00e4tzlich habe ich als [&hellip;]<\/p>\n","protected":false},"author":2,"featured_media":0,"parent":0,"menu_order":0,"comment_status":"closed","ping_status":"closed","template":"","meta":{"ocean_post_layout":"","ocean_both_sidebars_style":"","ocean_both_sidebars_content_width":0,"ocean_both_sidebars_sidebars_width":0,"ocean_sidebar":"0","ocean_second_sidebar":"0","ocean_disable_margins":"enable","ocean_add_body_class":"","ocean_shortcode_before_top_bar":"","ocean_shortcode_after_top_bar":"","ocean_shortcode_before_header":"","ocean_shortcode_after_header":"","ocean_has_shortcode":"","ocean_shortcode_after_title":"","ocean_shortcode_before_footer_widgets":"","ocean_shortcode_after_footer_widgets":"","ocean_shortcode_before_footer_bottom":"","ocean_shortcode_after_footer_bottom":"","ocean_display_top_bar":"default","ocean_display_header":"default","ocean_header_style":"","ocean_center_header_left_menu":"0","ocean_custom_header_template":"0","ocean_custom_logo":0,"ocean_custom_retina_logo":0,"ocean_custom_logo_max_width":0,"ocean_custom_logo_tablet_max_width":0,"ocean_custom_logo_mobile_max_width":0,"ocean_custom_logo_max_height":0,"ocean_custom_logo_tablet_max_height":0,"ocean_custom_logo_mobile_max_height":0,"ocean_header_custom_menu":"0","ocean_menu_typo_font_family":"0","ocean_menu_typo_font_subset":"","ocean_menu_typo_font_size":0,"ocean_menu_typo_font_size_tablet":0,"ocean_menu_typo_font_size_mobile":0,"ocean_menu_typo_font_size_unit":"px","ocean_menu_typo_font_weight":"","ocean_menu_typo_font_weight_tablet":"","ocean_menu_typo_font_weight_mobile":"","ocean_menu_typo_transform":"","ocean_menu_typo_transform_tablet":"","ocean_menu_typo_transform_mobile":"","ocean_menu_typo_line_height":0,"ocean_menu_typo_line_height_tablet":0,"ocean_menu_typo_line_height_mobile":0,"ocean_menu_typo_line_height_unit":"","ocean_menu_typo_spacing":0,"ocean_menu_typo_spacing_tablet":0,"ocean_menu_typo_spacing_mobile":0,"ocean_menu_typo_spacing_unit":"","ocean_menu_link_color":"","ocean_menu_link_color_hover":"","ocean_menu_link_color_active":"","ocean_menu_link_background":"","ocean_menu_link_hover_background":"","ocean_menu_link_active_background":"","ocean_menu_social_links_bg":"","ocean_menu_social_hover_links_bg":"","ocean_menu_social_links_color":"","ocean_menu_social_hover_links_color":"","ocean_disable_title":"default","ocean_disable_heading":"default","ocean_post_title":"","ocean_post_subheading":"","ocean_post_title_style":"","ocean_post_title_background_color":"","ocean_post_title_background":0,"ocean_post_title_bg_image_position":"","ocean_post_title_bg_image_attachment":"","ocean_post_title_bg_image_repeat":"","ocean_post_title_bg_image_size":"","ocean_post_title_height":0,"ocean_post_title_bg_overlay":0.5,"ocean_post_title_bg_overlay_color":"","ocean_disable_breadcrumbs":"default","ocean_breadcrumbs_color":"","ocean_breadcrumbs_separator_color":"","ocean_breadcrumbs_links_color":"","ocean_breadcrumbs_links_hover_color":"","ocean_display_footer_widgets":"default","ocean_display_footer_bottom":"default","ocean_custom_footer_template":"0","footnotes":""},"class_list":["post-571","page","type-page","status-publish","hentry","entry"],"_links":{"self":[{"href":"http:\/\/blog.philip-karger.ch\/index.php?rest_route=\/wp\/v2\/pages\/571","targetHints":{"allow":["GET"]}}],"collection":[{"href":"http:\/\/blog.philip-karger.ch\/index.php?rest_route=\/wp\/v2\/pages"}],"about":[{"href":"http:\/\/blog.philip-karger.ch\/index.php?rest_route=\/wp\/v2\/types\/page"}],"author":[{"embeddable":true,"href":"http:\/\/blog.philip-karger.ch\/index.php?rest_route=\/wp\/v2\/users\/2"}],"replies":[{"embeddable":true,"href":"http:\/\/blog.philip-karger.ch\/index.php?rest_route=%2Fwp%2Fv2%2Fcomments&post=571"}],"version-history":[{"count":4,"href":"http:\/\/blog.philip-karger.ch\/index.php?rest_route=\/wp\/v2\/pages\/571\/revisions"}],"predecessor-version":[{"id":592,"href":"http:\/\/blog.philip-karger.ch\/index.php?rest_route=\/wp\/v2\/pages\/571\/revisions\/592"}],"wp:attachment":[{"href":"http:\/\/blog.philip-karger.ch\/index.php?rest_route=%2Fwp%2Fv2%2Fmedia&parent=571"}],"curies":[{"name":"wp","href":"https:\/\/api.w.org\/{rel}","templated":true}]}}